{"id":7,"date":"2021-04-11T11:55:51","date_gmt":"2021-04-11T11:55:51","guid":{"rendered":"https:\/\/miltgen.lu\/?page_id=7"},"modified":"2026-01-12T06:55:10","modified_gmt":"2026-01-12T06:55:10","slug":"ueber-uns","status":"publish","type":"page","link":"https:\/\/miltgen.lu\/?page_id=7","title":{"rendered":"\u00dcber Uns"},"content":{"rendered":"\n<p><strong>Naturaarbecht Miltgen: Ihr Fachbetrieb f\u00fcr Naturschutz und Baumpflege<\/strong><\/p>\n\n\n\n<p>Naturaarbecht Miltgen hat sich aus dem Ansatz heraus entwickelt, Projekte im Sinne des Gemeinwohls zu verwirklichen. Der Betrieb hat sich stetig weiterentwickelt und bietet mittlerweile ein breites Spektrum an Arbeiten rund um die Themen Natur- und Umweltschutz an. Zu unseren Kunden z\u00e4hlen \u00f6ffentliche Auftraggeber wie Naturparks, Gemeinden und Forstverwaltungen ebenso wie Privatleute.<\/p>\n\n\n\n<p><strong>Unser Netzwerk f\u00fcr den Naturschutz:<\/strong><\/p>\n\n\n\n<p>Der seit 2017 bestehende Betrieb kann auf umfangreiche Erfahrung in den betreffenden Gebieten zur\u00fcckgreifen. Wir sind stets offen f\u00fcr neue Ans\u00e4tze und Projekte und pflegen eine enge Zusammenarbeit mit anderen passionierten Fachfirmen im Bereich Naturschutz. Durch dieses dynamische Netzwerk aus verschiedenen Akteuren k\u00f6nnen wir auch gr\u00f6ssere Projekte umsetzen.<\/p>\n\n\n\n<p><strong>Unsere spezialisierten Leistungen im \u00dcberblick:<\/strong><\/p>\n\n\n\n<p>Als Ihr kompetenter Partner f\u00fchren wir alle Arbeiten mit gr\u00f6\u00dfter Sorgfalt und Fachkenntnis aus. Unser Angebot umfasst:<\/p>\n\n\n\n<ul class=\"wp-block-list\">\n<li><strong>Baumschonender Obstbaumschnitt:<\/strong> Wir pflegen Ihre Obstb\u00e4ume nach fachgerechten Methoden, um Vitalit\u00e4t, Ertrag und die nat\u00fcrliche Wuchsform langfristig zu erhalten.<\/li>\n\n\n\n<li><strong>Professionelle Baumpflege (SKT \/ RIGGING):<\/strong> Wir bietet umfassende Baumpflegema\u00dfnahmen, inklusive R\u00fcckschnitte auf Habitatstruktur (Totholzstrukturen), Kronensicherungen und die Durchf\u00fchrung von F\u00e4llungen mittels Seilklettertechnik (SKT) und Rigging.<\/li>\n\n\n\n<li><strong>FLL-Zertifizierte Baumkontrollen &amp; Beratung:<\/strong> Wir f\u00fchren qualifizierte Baumkontrollen nach den Richtlinien der Forschungsgesellschaft Landschaftsentwicklung Landschaftsbau (FLL) durch und beraten Sie objektiv zu Schadsymptomen an B\u00e4umen sowie zur Verkehrssicherung.<\/li>\n\n\n\n<li><strong>Nisthilfen (Beratung, Fertigung &amp; Montage):<\/strong> Zum Schutz der Artenvielfalt bieten wir ma\u00dfgeschneiderte L\u00f6sungen. Wir beraten Sie bei der Auswahl, fertigen diverse Nisthilfen in Eigenregie und \u00fcbernehmen die fachgerechte Montage.<\/li>\n\n\n\n<li><strong>Holzkonstruktionen nach Ma\u00df:<\/strong> Wir planen und realisieren individuelle Holzkonstruktionen f\u00fcr Ihren Au\u00dfenbereich, von Z\u00e4unen \u00fcber Hochbeete bis hin zu speziellen Anfertigungen.<\/li>\n\n\n\n<li><strong>Insektenhotels und Insektenskulpturen:<\/strong> Als Beitrag zur Biodiversit\u00e4t fertigen wir hochwertige Insektenhotels und kunstvolle Insektenskulpturen, die Lebensraum bieten und gleichzeitig \u00e4sthetische Akzente setzen.<\/li>\n\n\n\n<li><strong>Umsetzung von insektenfreundlichen Gartenanlagen und Ansaaten:<\/strong> Wir gestalten und realisieren naturnahe Gartenkonzepte und sorgen durch die fachgerechte Anlage von Bl\u00fchfl\u00e4chen und Ansaaten f\u00fcr mehr Artenvielfalt.<\/li>\n<\/ul>\n\n\n\n<p><\/p>\n\n\n\n<figure class=\"wp-block-image size-large\"><img loading=\"lazy\" decoding=\"async\" width=\"1024\" height=\"686\" src=\"https:\/\/miltgen.lu\/wp-content\/uploads\/2024\/12\/CIDX2714-e1734625938901-1024x686.jpg\" alt=\"\" class=\"wp-image-238\" srcset=\"https:\/\/miltgen.lu\/wp-content\/uploads\/2024\/12\/CIDX2714-e1734625938901-1024x686.jpg 1024w, https:\/\/miltgen.lu\/wp-content\/uploads\/2024\/12\/CIDX2714-e1734625938901-300x201.jpg 300w, https:\/\/miltgen.lu\/wp-content\/uploads\/2024\/12\/CIDX2714-e1734625938901-768x515.jpg 768w, https:\/\/miltgen.lu\/wp-content\/uploads\/2024\/12\/CIDX2714-e1734625938901-1536x1029.jpg 1536w, https:\/\/miltgen.lu\/wp-content\/uploads\/2024\/12\/CIDX2714-e1734625938901-640x429.jpg 640w, https:\/\/miltgen.lu\/wp-content\/uploads\/2024\/12\/CIDX2714-e1734625938901.jpg 2040w\" sizes=\"auto, (max-width: 1024px) 100vw, 1024px\" \/><\/figure>\n","protected":false},"excerpt":{"rendered":"<p>Naturaarbecht Miltgen: Ihr Fachbetrieb f\u00fcr Naturschutz und Baumpflege Naturaarbecht Miltgen hat sich aus dem Ansatz heraus entwickelt, Projekte im Sinne des Gemeinwohls zu verwirklichen. Der Betrieb hat sich stetig weiterentwickelt und bietet mittlerweile ein breites Spektrum an Arbeiten rund um die Themen Natur- und&#8230;<\/p>\n","protected":false},"author":1,"featured_media":0,"parent":0,"menu_order":0,"comment_status":"closed","ping_status":"closed","template":"","meta":{"footnotes":""},"class_list":["post-7","page","type-page","status-publish","hentry"],"_links":{"self":[{"href":"https:\/\/miltgen.lu\/index.php?rest_route=\/wp\/v2\/pages\/7","targetHints":{"allow":["GET"]}}],"collection":[{"href":"https:\/\/miltgen.lu\/index.php?rest_route=\/wp\/v2\/pages"}],"about":[{"href":"https:\/\/miltgen.lu\/index.php?rest_route=\/wp\/v2\/types\/page"}],"author":[{"embeddable":true,"href":"https:\/\/miltgen.lu\/index.php?rest_route=\/wp\/v2\/users\/1"}],"replies":[{"embeddable":true,"href":"https:\/\/miltgen.lu\/index.php?rest_route=%2Fwp%2Fv2%2Fcomments&post=7"}],"version-history":[{"count":15,"href":"https:\/\/miltgen.lu\/index.php?rest_route=\/wp\/v2\/pages\/7\/revisions"}],"predecessor-version":[{"id":271,"href":"https:\/\/miltgen.lu\/index.php?rest_route=\/wp\/v2\/pages\/7\/revisions\/271"}],"wp:attachment":[{"href":"https:\/\/miltgen.lu\/index.php?rest_route=%2Fwp%2Fv2%2Fmedia&parent=7"}],"curies":[{"name":"wp","href":"https:\/\/api.w.org\/{rel}","templated":true}]}}